
Let h(u) = -u**2 - 5*u + 22. Let t be h(-6). Calculate the greatest common divisor of t and 368.
16
Let m be 1*6*4/6. Suppose -h - 2*h = -m*f + 46, -18 = -f + 4*h. Calculate the greatest common factor of f and 40.
10
Suppose -8*r = -483 + 51. What is the greatest common factor of r and 144?
18
Let k be ((-360)/70)/(4/(-14)). Suppose -k*v - 224 = -25*v. Calculate the highest common divisor of v and 144.
16
Let k(m) = -m**3 + 7*m**2 + 19*m + 19. Let v be k(9). Calculate the highest common factor of v and 6.
2
Suppose 0*i = -i + 4. Let b = -174 + 174. Suppose b*r - 1080 = -i*r. Calculate the highest common factor of r and 30.
30
Let z(h) = -h**3 - 7*h**2 + 5*h - 13. Suppose 37*j - 36*j + 8 = 0. Let f be z(j). What is the highest common factor of 11 and f?
11
Let d be (4 - 10)/(2 - 3). Let m be (-12)/(-72) - (-23)/d. Calculate the greatest common divisor of m and 2.
2
Let n = 652 + -418. Calculate the highest common factor of 36 and n.
18
Suppose 11*l - 187 = 110. What is the highest common divisor of l and 3?
3
Let u(q) = 2*q**2 - 3*q + 2. Let i be u(2). Suppose -2 = -c + 57. Let x = c - 57. Calculate the greatest common factor of x and i.
2
Suppose 2*h - 4*c - 6 = 0, -6*c = h - 2*c - 21. Suppose -d + 33 = h*n - 6*n, 0 = 4*n - 5*d - 25. What is the greatest common divisor of n and 40?
10
Let r = 3116 + -2489. Calculate the greatest common factor of r and 38.
19
Let a = -117 - -271. What is the highest common divisor of 14 and a?
14
Let g be 58 - (0/1 + -2). Let q be (-1720)/(-72) + 2/18. What is the greatest common divisor of q and g?
12
Let i be 0*1/(-3) - -6. Let p(z) = -7*z + 104. Let d be p(14). Calculate the highest common factor of i and d.
6
Let c be 144/14 - (-6)/(-21). Let b be 49/(-5) + (-8)/(-10) + 99. What is the highest common factor of b and c?
10
Suppose 778*k = 786*k - 400. Let b = 237 + -162. What is the highest common divisor of b and k?
25
Let h be (-4)/10 + (306/(-10) - 2). Let c = h + 38. Calculate the highest common divisor of 5 and c.
5
Let p(t) = -487*t**3 + t**2 - t + 2. Let k be p(-2). Let d be (-2)/(-5) - k/(-40). Calculate the greatest common divisor of d and 14.
14
Suppose -u + 5 = 10. Let y be 4 + (-5)/u*36. Calculate the greatest common divisor of 10 and y.
10
Suppose 0 = 3*i - 20 - 19. Suppose -o + 42 = l, -4*o - 4*l + 162 = -2*l. What is the highest common divisor of i and o?
13
Suppose 5*j = 5*u + 660, u = 2*j + 85 - 352. Suppose l + l = 8, 5*l - 560 = -2*h. Suppose -2*c + 7*c = h. Calculate the highest common factor of j and c.
27
Suppose 89 = 11*o - 21. Suppose 2*t + c - 7 = 0, 6*t - 5*c = t + o. Calculate the highest common divisor of t and 9.
3
Suppose 4*y - 3 = -5*z, 5*y + 1 = 4*z - 26. Let s be ((-1)/z)/((-9)/324). What is the highest common divisor of s and 84?
12
Suppose -8*a + a + 896 = 0. Suppose 0 = 2*o - 6*o + a. Calculate the highest common factor of 48 and o.
16
Suppose 4*x = 5*z - 5, 4*z = 5*z + x - 10. Suppose 305 = z*r - 245. Calculate the highest common divisor of r and 10.
10
Let d = 6 - 4. Let f(v) = 0*v - v + 1 + 9*v**d - 2 - v**2. Let r be f(-1). What is the greatest common factor of 72 and r?
8
Let s(u) = 12*u**2 - 16*u - 60. Let v be s(-6). Calculate the highest common divisor of v and 12.
12
Let w = -24 - -80. Let n(k) = 5*k + 2. Let f = -28 - -29. Let b be n(f). Calculate the highest common factor of w and b.
7
Let u(y) = -y - y - y**3 - 9*y**2 - 12 + 21. Let d be u(-9). Calculate the highest common divisor of 18 and d.
9
Let f(m) = -m**3 + 3*m**2 + 6*m - 6. Let z be f(4). Suppose -z = -2*k + 12. Let d be 6*(-2)/(-6) + (-1 - -20). What is the greatest common factor of d and k?
7
Let x(j) = -j**3 - 22*j**2 - 15*j - 3. Let z be x(-21). Let r = -13 - z. What is the greatest common factor of r and 29?
29
Let y = -9 + 9. Suppose y = 3*i - 6, 4*l + 2*i = 26 + 2. Suppose -l*d = -d - 15. What is the highest common factor of 12 and d?
3
Suppose 5472 = 53*k - 44*k. Calculate the greatest common factor of 57 and k.
19
Suppose -23 = -2*k - 3*l, -29*k - 31 = -31*k + 5*l. What is the greatest common factor of 65 and k?
13
Let o be (5/(-2))/((-2)/8). Let n(h) = h**3 + 9*h**2 + 6*h + 9. Let t be n(-8). What is the highest common divisor of t and o?
5
Let i = -30 + 32. Suppose -i*z + 310 = -0*z. What is the highest common divisor of z and 31?
31
Let x be 151 + (-2 - 5 - -3). What is the highest common divisor of x and 63?
21
Let m be (-41)/(-1) - (-7)/7. Let p(q) = q**2 + 6*q - 2. Suppose -2*c + 5 - 21 = 0. Let s be p(c). Calculate the greatest common divisor of m and s.
14
Suppose 14*i = 18*i - 432. What is the highest common factor of i and 72?
36
Suppose c = 3*m + 27, -67 - 48 = -5*c - 5*m. What is the greatest common divisor of 96 and c?
24
Let x be (-26)/559 + (-9640)/(-172). Calculate the greatest common factor of x and 56.
56
Let d = -6 + 9. Suppose -l = -2*l + d. Let x(s) = -5*s**2 + 2*s + 18. Let f be x(0). What is the greatest common factor of f and l?
3
Let z(p) = 8*p - 29. Let r(k) = -16*k + 56. Let j(w) = 2*r(w) + 5*z(w). Let b be j(11). Calculate the highest common divisor of 10 and b.
5
Let m(g) = g**3 + 15*g**2 + 53*g - 5. Let i be m(-8). What is the greatest common divisor of i and 1482?
19
Let z be (41/(-2))/(1/2). Let h be 1 - 6/10 - 3447/(-45). Let c = h + z. What is the highest common divisor of 54 and c?
18
Let a(z) = z**3 + 17*z**2 + 2*z + 115. Let m be a(-17). What is the highest common factor of m and 432?
27
Suppose 5*h - 21 - 4 = 0. Suppose 3*k = 65 - h. Let y be (36/k)/((-6)/(-20)). Calculate the highest common divisor of y and 54.
6
Suppose 14 = -s - 13. Let g = 47 + s. Suppose -4*k - k + g = 0. What is the highest common divisor of 28 and k?
4
Let h be 4/(-14) - ((-535)/35 - 8). What is the greatest common factor of 92 and h?
23
Let m(c) = 60*c + 3. Let j be m(3). Suppose -5*y + 97 = -j. Suppose y = 7*w - 3*w. What is the highest common divisor of w and 112?
14
Suppose -3*q - 884 = -4*p, 244 = 46*p - 45*p + 5*q. What is the greatest common factor of 7 and p?
7
Suppose 0 = -3*u + 64 + 8. Suppose -4*g - 4*m + 195 = -53, 2*m = -3*g + 184. What is the highest common divisor of g and u?
12
Suppose -4*h - 5*b + 39 = 0, -4*h + 2*h + 3*b = -3. Let q be h/(-14) - 258/(-14). What is the highest common divisor of 18 and q?
18
Let s(z) = 17*z - 466. Let p be s(28). What is the highest common divisor of 90 and p?
10
Let c = 128 - 87. Calculate the greatest common divisor of c and 328.
41
Suppose 90*o - o - 1424 = 0. Calculate the highest common factor of o and 944.
16
Suppose 2*d - 94 = -2*f, -f + 5*d + 133 = 2*f. Let c be (-1*1)/((-13)/(-2093)). Let z = -92 - c. What is the highest common factor of f and z?
23
Let k = 3 + 2. Suppose -k = -u + 6. Let m(x) = x**3 - x**2 - 46*x + 99. Let r be m(0). Calculate the greatest common factor of u and r.
11
Let y = 2065 + -1921. Calculate the highest common divisor of y and 2.
2
Let j be (-66)/(-4)*10/5. Calculate the greatest common divisor of j and 561.
33
Suppose -t = t - 144. Let w(h) = 4*h + 4. Let u be w(14). Let y = u + -52. What is the highest common factor of y and t?
8
Let i = -1 + 3. Let b = -10 + 33. Suppose 0 = -k - 4*v - v - b, -5*k - v = -5. What is the highest common divisor of i and k?
2
Suppose -133 = -5*i - w, w - 5*w = 4*i - 100. Let v be -5*6/(-15) + i. Calculate the greatest common divisor of 319 and v.
29
Let k be (2 + -1)*(-12 - -15). Suppose -12 = -k*x + 6. Calculate the highest common factor of x and 48.
6
Suppose 4*j - 2*j = 4*s + 456, 2*j - 456 = 3*s. Calculate the greatest common factor of 12 and j.
12
Let w = 3738 - 3731. Let o(f) = 91*f**3 + f**2 - f. Let u be o(1). What is the highest common factor of w and u?
7
Suppose 12 = 2*c + 2*t, -15 = -c + 5*t - 27. Calculate the greatest common factor of 34 and c.
1
Let c = 3 + 66. Let n = c - -118. What is the highest common divisor of 17 and n?
17
Suppose -v = -6*v + 5. Let w(x) = 10*x**3 - x + 3. Let i be w(v). Calculate the highest common divisor of 36 and i.
12
Suppose 16*o = 17*o - 12. What is the highest common factor of o and 234?
6
Let j = -11 + 2. Let f be (j/(-6))/((-15)/(-4460)). Let m = f - 194. Calculate the highest common factor of m and 28.
28
Let c = 969 - 593. Calculate the greatest common factor of 47 and c.
47
Let u(o) = 783*o**3 + 4*o**2 - 11*o + 8